75607 prime?
True
Is 6774997451 prime?
True
Is 806628677 a composite number?
True
Is 869084107 a prime number?
True
Is 88658521037 composite?
True
Is 176709527 composite?
True
Is 65063337607 composite?
True
Is 1129877201 a prime number?
True
Is 598202277 prime?
False
Is 12433668497 prime?
True
Is 170641787 prime?
True
Is 6314026181 composite?
True
Is 240663499 a prime number?
False
Is 21590165507 a composite number?
False
Is 305249903 a composite number?
True
Is 2889973187 a composite number?
True
Is 1802029993 composite?
True
Is 13784377337 composite?
True
Is 50469035909 composite?
False
Is 2700002153 a prime number?
True
Is 364416113 composite?
True
Is 96015902087 a composite number?
True
Is 3240144671 prime?
True
Is 7849549447 prime?
True
Is 15378787961 a composite number?
True
Is 1179081103 a composite number?
False
Is 65213117041 a composite number?
False
Is 4044580037 composite?
False
Is 5156372603 prime?
True
Is 649968553 prime?
False
Is 34585349 a composite number?
False
Is 2383505251 prime?
False
Is 21463358273 prime?
False
Is 3140557741 a composite number?
True
Is 9046654619 prime?
True
Is 97322400611 a composite number?
False
Is 100812553189 prime?
True
Is 539722559 a composite number?
True
Is 13069196209 prime?
False
Is 19355537761 prime?
False
Is 9030194669 a composite number?
False
Is 201864284899 prime?
True
Is 6966368327 a prime number?
False
Is 596237231 prime?
False
Is 127772923703 a composite number?
False
Is 2044139527 composite?
False
Is 75227761465 a composite number?
True
Is 2861579141 a composite number?
False
Is 3886744019 prime?
True
Is 1405385309 prime?
True
Is 532299749 prime?
True
Is 30706423063 a prime number?
True
Is 12092888099 prime?
False
Is 983779774 a prime number?
False
Is 497485441 a composite number?
False
Is 242550263 a composite number?
False
Is 389031271 a composite number?
False
Is 69352825483 a prime number?
False
Is 18969783923 a composite number?
False
Is 294824681 a composite number?
False
Is 1727322629 composite?
True
Is 1784061011 a prime number?
True
Is 370655147 composite?
True
Is 2362656623 a composite number?
True
Is 11104933183 prime?
True
Is 7256962243 a composite number?
False
Is 23052749 a composite number?
False
Is 4743523153 prime?
False
Is 149224016827 composite?
True
Is 189878089 composite?
False
Is 309633629 a prime number?
True
Is 8043845141 a composite number?
True
Is 10355580985 prime?
False
Is 69162992131 a composite number?
False
Is 93346754777 a composite number?
True
Is 10752578567 a composite number?
False
Is 27290489477 a prime number?
True
Is 91890298 composite?
True
Is 23395044707 a composite number?
True
Is 557930149 a prime number?
False
Is 21720917509 a prime number?
True
Is 144796037 prime?
False
Is 368162878871 a prime number?
True
Is 7143009623 composite?
False
Is 726668777 a composite number?
True
Is 51084237817 a prime number?
True
Is 1321960061 a prime number?
True
Is 1175887763 a composite number?
False
Is 6533929 composite?
True
Is 5036487761 a prime number?
False
Is 9237007522 prime?
False
Is 65268887 composite?
True
Is 365181265 a composite number?
True
Is 5754180545 a prime number?
False
Is 6961424663 prime?
False
Is 2633722457 prime?
True
Is 638468513 a composite number?
True
Is 100032923 composite?
True
Is 4685135863 a composite number?
False
Is 1254307631 prime?
True
Is 3795176729 a prime number?
True
Is 21356125181 composite?
False
Is 21733869281 composite?
False
Is 1029682551 a composite number?
True
Is 302511395 composite?
True
Is 7734883357 composite?
False
Is 52540434283 a composite number?
False
Is 312378199 prime?
False
Is 1964691919 composite?
False
Is 11077335959 prime?
False
Is 6800543857 prime?
False
Is 364910027 a prime number?
False
Is 661805597 prime?
False
Is 9891841703 a prime number?
True
Is 5039453098 a composite number?
True
Is 5584806989 a prime number?
True
Is 13880299421 composite?
False
Is 2266543315 a prime number?
False
Is 267240137 a composite number?
False
Is 642265829 a prime number?
True
Is 2718569155 a composite number?
True
Is 23913961931 a prime number?
False
Is 28312890673 prime?
False
Is 412905371 a prime number?
True
Is 27300596263 a prime number?
True
Is 14493818351 prime?
True
Is 469100693 a prime number?
True
Is 4456115887 a composite number?
True
Is 45940262009 composite?
True
Is 135426648797 a prime number?
False
Is 546240599 a composite number?
False
Is 27690731623 a composite number?
False
Is 12700916887 composite?
False
Is 13953691558 prime?
False
Is 54090781 prime?
False
Is 32449409893 prime?
False
Is 35693129 a composite number?
False
Is 71002103 composite?
True
Is 48857877539 prime?
False
Is 115413373 prime?
True
Is 7169476121 composite?
True
Is 54520575187 composite?
True
Is 22057312573 prime?
False
Is 9864102827 prime?
False
Is 39324739973 a prime number?
False
Is 95892241195 a prime number?
False
Is 43264605157 composite?
False
Is 3140842003 a composite number?
True
Is 1933380251 prime?
False
Is 19183427 a prime number?
False
Is 98602667 a composite number?
True
Is 355912379 a prime number?
True
Is 2212485697 a prime number?
False
Is 2498239631 prime?
True
Is 15879848573 a composite number?
False
Is 18068669719 a composite number?
True
Is 626352901 a prime number?
False
Is 380504001 a composite number?
True
Is 115487759 prime?
True
Is 8368489057 prime?
True
Is 3631403509 a composite number?
False
Is 668158573 a composite number?
False
Is 141487091027 a composite number?
False
Is 18215835469 prime?
False
Is 1159254037 composite?
False
Is 4990123037 a prime number?
True
Is 2373298273 prime?
True
Is 5157454537 prime?
False
Is 53971849037 a prime number?
False
Is 99829284635 composite?
True
Is 12849950681 composite?
False
Is 449144119 prime?
True
Is 7979420497 prime?
False
Is 2542957913 composite?
False
Is 21126592691 a prime number?
True
Is 524353229 a prime number?
True
Is 548117201 a prime number?
False
Is 1612075333 a prime number?
False
Is 1586882443 composite?
False
Is 388996409 a prime number?
True
Is 20431765631 composite?
False
Is 151926336553 composite?
True
Is 8815300049 composite?
False
Is 12787304371 composite?
True
Is 1925171459 prime?
True
Is 4530332069 a prime number?
True
Is 18829262437 a prime number?
True
Is 50837267603 prime?
True
Is 34399163411 composite?
False
Is 3754714037 prime?
True
Is 381565879 prime?
False
Is 14360164067 a prime number?
True
Is 42042739 a prime number?
False
Is 4398230047 a prime number?
True
Is 1108235971 prime?
False
Is 1210754287 a prime number?
True
Is 1357717891 composite?
False
Is 53249611 prime?
False
Is 6012535919 a prime number?
False
Is 162911989 prime?
False
Is 670152559 a composite number?
True
Is 40178239 prime?
True
Is 2978893163 composite?
False
Is 91106849 a composite number?
False
Is 15415147 prime?
False
Is 575207123 composite?
False
Is 1249731187 composite?
True
Is 13578460621 a composite number?
True
Is 568322137 composite?
False
Is 25449158159 prime?
True
Is 992523079 composite?
False
Is 1948384349 a prime number?
False
Is 1381944173 prime?
False
Is 76859449 prime?
False
Is 5537520851 prime?
True
Is 22528385521 prime?
True
Is 5767061437 a composite number?
True
Is 2031186581 a composite number?
False
Is 41513218927 a composite number?
False
Is 276125389919 prime?
False
Is 130023149 composite?
True
Is 463532327 a prime number?
False
Is 468238231 a composite number?
True
Is 22995340681 a prime number?
True
Is 160171261 a prime number?
False
Is 9729792293 prime?
False
Is 4240374977 composite?
True
Is 13482279169 a prime number?
False
Is 16222981271 composite?
True
Is 2136356897 a prime number?
True
Is 49243111753 prime?
False
Is 88688145379 a composite number?
False
Is 82630699 a composite number?
False
Is 532008583 prime?
True
Is 5963966641 a prime number?
False
Is 9232333457 composite?
True
Is 668833523 a composite number?
False
Is 400016707 a composite number?
True
Is 893648579 a composite number?
False
Is 5125035983 a prime number?
False
Is 3945034007 a composite number?
False
Is 79597967 a prime number?
False
Is 1708726001 prime?
True
Is 846822743 a composite number?
True
Is 57821411 a composite number?
False
Is 34225385203 a composite number?
False
Is 7872020447 prime?
True
Is 29963765659 a composite number?
True
Is 89351086651 prime?
True